NOAA-Style Climate Reports

Select a Year or Month report
2018: Jan Feb Mar Apr May Jun Jul Aug Sep Oct Nov Dec
2017: Jan Feb Mar Apr May Jun Jul Aug Sep Oct Nov Dec
2016: Jan Feb Mar Apr May Jun Jul Aug Sep Oct Nov Dec

Report for 2018 March
                   Monthly Climatological Summary for Mar 2018

Name: EW8961   City: Cheektowaga   State: New York
Elevation: 646 ft  Lat: N 42° 55' 24"   Lon: W 078° 46' 04"

                  Temperature (°F), Rain (in), Wind Speed (mph)

                                      Heat  Cool        Avg
    Mean                              Deg   Deg         Wind                 Dom
Day Temp  High   Time   Low    Time   Days  Days  Rain  Speed High   Time    Dir
----------------------------------------------------------------------------------
 1  35.7  40.6  12:00a  31.4  11:52p  29.3   0.0  0.00   6.5  26.0   9:15p    NE
 2  31.5  34.9   1:54p  29.3   6:49a  33.5   0.0  0.13   5.6  19.0  12:16a   NNW
 3  30.2  35.8   1:07p  23.4   6:53a  34.8   0.0  0.08   3.1  14.0  10:27a    NW
 4  27.2  35.0   2:56p  19.6   2:39a  37.8   0.0  0.08   3.1  16.0  12:25p   NNW
 5  25.9  36.1   3:13p  14.5   5:59a  39.1   0.0  0.05   1.5  15.0   1:36p   WNW
 6  30.7  36.9   4:27p  25.2   1:44a  34.3   0.0  0.00   2.3  15.0  12:49p     E
 7  32.0  38.9   3:46p  25.2   4:04a  33.0   0.0  0.01   2.9  18.0   9:19p    SW
 8  27.4  30.8  12:00a  20.9  11:32p  37.6   0.0  0.00   5.9  25.0   1:14p   WSW
 9  29.4  34.4  11:40a  23.1  12:00a  35.6   0.0  0.02   5.8  25.0   3:20p   WSW
10  30.3  34.2  10:25a  27.2   4:24a  34.7   0.0  0.01   5.1  17.0  10:35a     W
11  27.5  32.0   3:01p  20.6   5:58a  36.0   0.0  0.00   3.0  12.0   4:40p   WSW
12  29.3  33.1   1:49p  26.5  11:02p  35.7   0.0  0.00   1.5  11.0   6:10p    NE
13  28.6  35.0   4:17p  24.5   9:06a  36.4   0.0  0.03   3.9  16.0   4:18p     W
14  28.6  32.5   2:34p  25.2  11:50p  36.4   0.0  0.15   6.4  24.0   7:27p     W
15  29.9  38.6   3:35p  22.6   6:07a  35.1   0.0  0.08   3.7  17.0   4:33p   WSW
16  25.4  31.3   4:54p  21.3   8:44a  39.6   0.0  0.12   6.0  20.0   6:49p   WNW
17  28.4  36.4   4:05p  20.1   1:22a  36.6   0.0  0.00   5.3  19.0   4:51p   WSW
18  29.2  39.4   2:44p  17.1   6:10a  35.8   0.0  0.00   3.7  20.0   1:43p   WSW
19  27.7  34.0   4:02p  22.5   7:48a  37.3   0.0  0.00   4.2  16.0   8:05a    NE
20  27.5  37.7   3:36p  19.3   4:02a  37.5   0.0  0.00   6.0  22.0   2:52p   ENE
21  30.8  36.7   3:09p  25.8   7:05a  34.2   0.0  0.00   5.3  21.0   1:43p    NE
22  32.0  40.5   3:49p  26.6   7:21a  33.0   0.0  0.00   3.5  18.0   5:06p   WNW
23  31.8  40.7   2:56p  21.9   7:22a  33.2   0.0  0.00   3.3  16.0   2:16p    NW
24  29.2  36.8   2:01p  20.7   6:27a  35.8   0.0  0.00   2.5  18.0  11:52p     N
25  30.2  40.4   3:32p  19.9   7:00a  34.8   0.0  0.00   4.7  18.0  11:55a    NE
26  39.4  52.4   5:27p  26.1   2:20a  25.6   0.0  0.00   2.5  17.0  11:58a   ESE
----------------------------------------------------------------------------------
    29.8  52.4    26    14.5     5   912.7   0.0  0.76   4.1  26.0     1      NW

Max >=  80.0:  0
Max <=  32.0:  3
Min <=  32.0: 26
Min <=   0.0:  0
Max Rain: 0.15 on day 14
Days of Rain: 11 (>= 0.01 in)  3 (>= 0.10 in)  0 (>= 1.00 in)
Heat Base: 65.0  Cool Base: 65.0  Method: Integration