NOAA-Style Climate Reports

Select a Year or Month report
2018: Jan Feb Mar Apr May Jun Jul Aug Sep Oct Nov Dec
2017: Jan Feb Mar Apr May Jun Jul Aug Sep Oct Nov Dec
2016: Jan Feb Mar Apr May Jun Jul Aug Sep Oct Nov Dec

Report for 2018 February
                   Monthly Climatological Summary for Feb 2018

Name: EW8961   City: Cheektowaga   State: New York
Elevation: 646 ft  Lat: N 42° 55' 24"   Lon: W 078° 46' 04"

                  Temperature (°F), Rain (in), Wind Speed (mph)

                                      Heat  Cool        Avg
    Mean                              Deg   Deg         Wind                 Dom
Day Temp  High   Time   Low    Time   Days  Days  Rain  Speed High   Time    Dir
----------------------------------------------------------------------------------
 1  33.9  40.2  10:58a  18.6  11:55p  31.1   0.0  0.06   7.1  27.0   1:19p   WSW
 2  14.2  18.6  12:00a  11.9  10:38a  50.8   0.0  0.00   6.1  19.0  11:26a     W
 3  20.8  33.2  11:58p  14.0  12:29a  44.2   0.0  0.00   6.8  26.0  10:15a    SW
 4  33.8  38.6   4:01a  20.4  11:57p  31.2   0.0  0.14   5.6  28.0   4:09a    SW
 5  16.1  20.5  12:00a  10.5   7:14a  49.0   0.0  0.02   6.1  23.0   1:20p   WSW
 6  19.0  23.6  12:24p  13.9  11:44p  46.0   0.0  0.04   5.0  19.0  11:56a    SW
 7  19.9  27.5   2:57p   9.5  11:13p  45.1   0.0  0.01   2.8  15.0   8:53p    NW
 8  15.0  20.1  12:18p   8.9   1:27a  50.0   0.0  0.00   5.2  20.0   2:42p    SW
 9  21.1  27.9  11:58p  15.0   6:24a  43.9   0.0  0.00   2.8  14.0  12:14a   SSW
10  28.5  31.8  12:13p  26.2  11:54p  36.5   0.0  0.00   1.7  13.0   6:06p    NE
11  30.5  42.8   1:54p  25.2   4:50a  34.4   0.0  0.00   5.7  31.0   6:47p   WNW
12  24.2  29.2   1:20p  13.5  11:59p  40.8   0.0  0.01   4.7  17.0  12:04a   WSW
13  21.1  33.0   2:12p   8.9   7:35a  43.9   0.0  0.01   1.3  11.0   4:17p   ENE
14  36.0  42.4   2:52p  22.6  12:18a  29.0   0.0  0.13   5.7  26.0  12:44p   WSW
15  44.2  48.3  12:28p  39.9  12:00a  20.8   0.0  0.29   5.3  34.0   9:13a    SW
16  33.0  41.8  12:00a  22.5  11:58p  32.0   0.0  0.04   3.8  19.0   6:14p   WNW
17  25.8  30.2   2:12p  18.3   3:04a  39.2   0.0  0.00   1.9  12.0  10:35a    SW
18  30.2  35.9   1:53p  27.4  12:00a  34.8   0.0  0.00   4.3  16.0   1:56p   WSW
19  44.9  58.2  11:39p  27.3   2:01a  20.1   0.0  0.81   4.1  23.0   1:03p   SSW
20  59.7  67.4  11:08p  51.6   3:17a   5.5   0.2  0.57   4.4  26.0  11:07p    SW
21  46.6  68.1   2:03a  33.4   9:45p  18.7   0.3  0.08   3.4  19.0  12:29a     W
22  33.0  38.5   4:10p  29.8   5:50a  32.0   0.0  0.01   4.0  13.0  12:41a    NE
23  41.6  51.9   5:01p  33.5   3:47a  23.4   0.0  0.26   5.2  28.0   5:07p   SSW
24  38.4  41.3  10:50a  36.8   9:49p  26.6   0.0  0.00   3.5  14.0   3:38a   NNE
25  41.0  56.2   9:11a  34.5   9:39p  24.0   0.0  0.15   9.1  34.0   1:26p    SW
26  35.4  40.9   1:22p  30.7  11:55p  29.6   0.0  0.00   6.4  20.0  11:46a   WSW
27  40.1  51.8   3:48p  26.9   4:02a  24.9   0.0  0.00   4.0  23.0  12:33p   WSW
28  45.4  60.4  11:43a  35.4   5:23a  19.6   0.0  0.03   4.4  27.0  12:46p    SW
----------------------------------------------------------------------------------
    31.9  68.1    21     8.9     8   927.1   0.5  2.66   4.7  34.0    15     WSW

Max >=  80.0:  0
Max <=  32.0:  9
Min <=  32.0: 21
Min <=   0.0:  0
Max Rain: 0.81 on day 19
Days of Rain: 17 (>= 0.01 in)  7 (>= 0.10 in)  0 (>= 1.00 in)
Heat Base: 65.0  Cool Base: 65.0  Method: Integration