NOAA-Style Climate Reports

Select a Year or Month report
2018: Jan Feb Mar Apr May Jun Jul Aug Sep Oct Nov Dec
2017: Jan Feb Mar Apr May Jun Jul Aug Sep Oct Nov Dec
2016: Jan Feb Mar Apr May Jun Jul Aug Sep Oct Nov Dec

Report for 2018 January
                   Monthly Climatological Summary for Jan 2018

Name: EW8961   City: Cheektowaga   State: New York
Elevation: 646 ft  Lat: N 42° 55' 24"   Lon: W 078° 46' 04"

                  Temperature (°F), Rain (in), Wind Speed (mph)

                                      Heat  Cool        Avg
    Mean                              Deg   Deg         Wind                 Dom
Day Temp  High   Time   Low    Time   Days  Days  Rain  Speed High   Time    Dir
----------------------------------------------------------------------------------
 1   7.0  15.1   2:22p  -3.2   7:49a  58.0   0.0  0.00   4.9  23.0   6:17p     W
 2  14.5  17.6   2:37p  10.7  12:00a  50.5   0.0  0.00   8.9  34.0   2:54p    SW
 3  15.8  22.6   6:42p   7.4   7:38a  49.2   0.0  0.00   7.2  23.0   3:15a   SSW
 4  13.1  18.9  12:00a   3.5  11:50p  51.9   0.0  0.00   4.9  20.0   6:49p   WNW
 5   1.9   6.1   2:54p  -1.6   8:40a  63.1   0.0  0.00   6.4  21.0   4:13a     W
 6   0.8   5.9   2:41p  -3.9   5:55a  64.2   0.0  0.00   4.8  18.0  12:21a     W
 7  11.7  28.6  11:59p  -4.7   5:13a  53.3   0.0  0.00   4.8  21.0   8:54p   SSW
 8  32.6  34.2   1:46p  28.5  12:00a  32.4   0.0  0.31   9.0  30.0  11:36a    SW
 9  30.1  33.4   1:59a  21.5  11:58p  34.9   0.0  0.01   5.0  24.0  12:54a     W
10  32.9  48.6  11:58p  16.9   2:54a  32.1   0.0  0.33   2.4  15.0  11:56p     S
11  53.9  61.2   2:02p  47.8   2:33a  11.1   0.0  0.44   6.4  32.0   9:08p     S
12  40.9  59.7  10:16a  16.5  10:56p  24.1   0.0  0.57   5.7  22.0  12:43a     W
13  12.0  16.8  12:00a   8.1   9:48p  53.0   0.0  0.00   4.4  17.0  12:11a    NW
14   8.9  18.6   2:33p  -1.8   7:49a  56.1   0.0  0.13   0.7   8.0   1:15p   SSW
15  14.8  22.7   1:54p   5.0   2:33a  50.2   0.0  0.00   1.6  10.0  10:32a     E
16  22.2  28.3  11:17a  15.7  10:51p  42.8   0.0  0.05   3.6  18.0   8:26p   WSW
17  15.1  18.1   6:54p  10.7   7:47a  49.9   0.0  0.00   7.0  22.0  11:47p    SW
18  19.2  26.3  11:02p  13.4   1:53a  45.8   0.0  0.00   9.4  32.0   7:23a    SW
19  31.0  39.3  10:52p  25.9  12:07a  34.0   0.0  0.02   9.1  29.0  11:17a    SW
20  36.1  39.2  12:27a  32.1  11:05p  28.9   0.0  0.10   9.9  40.0   6:54a   WSW
21  36.3  41.5   1:35p  30.9   4:58a  28.7   0.0  0.01   1.2  12.0  12:01a    SW
22  43.1  50.3   8:58p  37.2  12:23a  21.9   0.0  0.22   0.8   8.0   8:48a     E
23  40.0  52.3   3:35a  27.8  12:00a  25.0   0.0  0.25   8.2  34.0   5:43p   WSW
24  21.9  27.8  12:00a  18.3   6:45p  42.7   0.0  0.00   4.1  21.0   2:25a   WNW
25  21.6  27.6  11:59p  13.5   7:33a  43.4   0.0  0.00   2.3  13.0   1:51p   WSW
26  36.0  47.9   3:03p  22.9   5:32a  29.0   0.0  0.00   2.9  18.0   9:58p     S
27  45.4  48.6  11:46a  36.4  11:59p  19.6   0.0  0.25   6.7  25.0   9:12p    SW
28  34.8  43.1   2:17p  29.2  11:55p  30.2   0.0  0.00   3.1  17.0   1:14a   WSW
29  29.4  36.1   1:17p  22.0  11:54p  35.6   0.0  0.00   5.0  22.0   4:04p    NE
30  15.9  22.0  12:00a   5.2  11:42p  49.1   0.0  0.01   4.1  14.0   6:43a   WNW
31  24.3  39.5  11:57p   5.3   4:54a  40.7   0.0  0.07   4.5  24.0   3:40p   SSW
----------------------------------------------------------------------------------
    24.6  61.2    11    -4.7     7  1251.4   0.0  2.77   5.1  40.0    20     WSW

Max >=  80.0:  0
Max <=  32.0: 16
Min <=  32.0: 27
Min <=   0.0:  5
Max Rain: 0.57 on day 12
Days of Rain: 15 (>= 0.01 in)  9 (>= 0.10 in)  0 (>= 1.00 in)
Heat Base: 65.0  Cool Base: 65.0  Method: Integration