NOAA-Style Climate Reports

Select a Year or Month report
2018: Jan Feb Mar Apr May Jun Jul Aug Sep Oct Nov Dec
2017: Jan Feb Mar Apr May Jun Jul Aug Sep Oct Nov Dec
2016: Jan Feb Mar Apr May Jun Jul Aug Sep Oct Nov Dec

Report for 2017 December
                   Monthly Climatological Summary for Dec 2017

Name: EW8961   City: Cheektowaga   State: New York
Elevation: 646 ft  Lat: N 42° 55' 24"   Lon: W 078° 46' 04"

                  Temperature (°F), Rain (in), Wind Speed (mph)

                                      Heat  Cool        Avg
    Mean                              Deg   Deg         Wind                 Dom
Day Temp  High   Time   Low    Time   Days  Days  Rain  Speed High   Time    Dir
----------------------------------------------------------------------------------
 1  40.9  48.3   1:53p  31.8  11:25p  24.1   0.0  0.00   2.2  14.0   2:57a     W
 2  37.2  44.8   2:42p  29.9   6:54a  27.8   0.0  0.00   0.3   6.0   2:15p   SSW
 3  38.1  47.0  12:10p  29.7   7:01a  26.9   0.0  0.00   1.7  15.0  11:44a   WSW
 4  42.2  52.5  11:39p  28.7   4:01a  22.8   0.0  0.00   2.2  17.0  11:22p   SSE
 5  47.1  53.1   1:38p  35.2  11:25p  17.9   0.0  0.48  10.0  40.0   9:04p    SW
 6  34.3  37.0  12:31p  32.0   3:12a  30.7   0.0  0.01  10.4  34.0   3:43a   WSW
 7  31.0  33.8  12:00a  26.4   9:17p  34.0   0.0  0.01   5.8  19.0   2:54p     W
 8  28.0  31.4   3:22p  24.3   6:24a  37.0   0.0  0.01   6.4  23.0  11:42a    SW
 9  28.6  34.4   2:05p  22.4   7:34a  36.4   0.0  0.03   2.8  13.0   3:50a   SSW
10  28.2  29.8  12:23p  27.0   7:48a  36.8   0.0  0.00   5.2  21.0   9:28a     W
11  26.4  27.8  11:32p  24.5   7:44a  38.6   0.0  0.00   1.5  10.0   2:27a    NW
12  23.4  31.0   6:18a  12.2  11:56p  41.6   0.0  0.00   4.8  25.0   7:19p     W
13  15.3  20.4   2:41p   9.3   8:05a  49.7   0.0  0.00   4.1  17.0  12:51a     W
14  16.2  19.0   2:46p  12.3  11:58p  48.8   0.0  0.01   3.4  14.0   9:38a   WNW
15  19.9  25.4   3:03p   8.5   1:22a  45.1   0.0  0.00   3.8  23.0   8:51p    SW
16  23.9  26.5   2:02p  21.1  11:49p  41.1   0.0  0.00   3.7  19.0  12:32a   WNW
17  22.5  25.2  11:58p  19.5   5:03a  42.6   0.0  0.00   3.1  12.0   6:12p    NE
18  35.6  40.8  11:13p  25.1  12:00a  29.4   0.0  0.72   4.1  19.0   6:24p    SW
19  41.9  44.4  12:51p  37.3  11:57p  23.1   0.0  0.02  10.3  34.0  12:58p   WSW
20  32.3  37.3  12:00a  27.9  11:49p  32.7   0.0  0.00   5.1  20.0   1:48a     W
21  28.6  34.3  12:51p  25.5   8:13a  36.4   0.0  0.00   2.7  14.0   9:00p    NE
22  28.7  31.2  11:59p  25.8  12:00a  36.3   0.0  0.00   3.8  16.0   4:56a    NE
23  30.5  32.0   6:51a  26.7  11:53p  34.5   0.0  0.16   1.5   8.0  12:03a   NNE
24  27.2  31.6   1:55p  23.4   6:32a  37.8   0.0  0.07   2.4  14.0   6:42p    NE
25  22.6  32.2   2:48a  12.3  11:54p  42.4   0.0  0.00   8.5  30.0   3:21a     W
26   9.1  13.8   1:22p   5.0  10:39p  55.9   0.0  0.00   7.8  26.0  12:07p     W
27   9.1  17.0   1:45p   4.1   6:07a  55.9   0.0  0.00   4.7  16.0   6:33p     W
28   6.1  16.5   3:40p  -4.2   7:21a  58.9   0.0  0.01   1.2  12.0   3:39p     W
29  11.7  21.0  12:50p   5.9  12:00a  53.3   0.0  0.00   1.5  10.0   3:03p   SSW
30  14.4  19.9   1:28p   7.6  11:55p  50.6   0.0  0.00   3.9  20.0   9:41p   WNW
31   4.6  11.7   3:09p  -4.1   8:16a  60.4   0.0  0.00   2.0  11.0  12:18a    NW
----------------------------------------------------------------------------------
    26.0  53.1     5    -4.2    28  1209.5   0.0  1.53   4.2  40.0     5       W

Max >=  80.0:  0
Max <=  32.0: 18
Min <=  32.0: 29
Min <=   0.0:  2
Max Rain: 0.72 on day 18
Days of Rain: 11 (>= 0.01 in)  3 (>= 0.10 in)  0 (>= 1.00 in)
Heat Base: 65.0  Cool Base: 65.0  Method: Integration