NOAA-Style Climate Reports

Select a Year or Month report
2017: Jan Feb Mar Apr May Jun Jul Aug Sep Oct Nov Dec
2016: Jan Feb Mar Apr May Jun Jul Aug Sep Oct Nov Dec

Report for 2017 September
                   Monthly Climatological Summary for Sep 2017

Name: EW8961   City: Cheektowaga   State: New York
Elevation: 646 ft  Lat: N 42° 55' 24"   Lon: W 078° 46' 04"

                  Temperature (°F), Rain (in), Wind Speed (mph)

                                      Heat  Cool        Avg
    Mean                              Deg   Deg         Wind                 Dom
Day Temp  High   Time   Low    Time   Days  Days  Rain  Speed High   Time    Dir
----------------------------------------------------------------------------------
 1  54.2  63.6   2:22p  43.6   6:04a  10.8   0.0  0.00   1.4  14.0  12:02p    NE
 2  58.0  71.7   2:08p  42.9   6:52a   7.9   0.9  0.01   2.1  14.0  12:06p   ESE
 3  62.1  68.9   6:12p  56.1   3:24a   3.5   0.6  0.32   3.4  23.0   4:47p   WSW
 4  70.9  80.7   4:59p  61.1   6:47a   0.7   6.6  0.59   6.0  27.0  12:24p    SW
 5  64.5  71.1   3:05p  58.0  11:59p   2.0   1.4  0.12   2.3  16.0   3:39p   WSW
 6  61.0  71.6   2:50p  53.2   6:32a   4.8   0.9  0.01   1.2  11.0   3:44p   WSW
 7  57.6  65.1   2:28p  53.2   7:55a   7.4   0.0  0.81   3.1  23.0   3:10p   WSW
 8  56.7  62.7   2:27p  52.1   6:02a   8.3   0.0  0.14   1.4  12.0  12:23a     W
 9  54.6  64.3   3:33p  43.6   6:52a  10.4   0.0  0.00   1.1  11.0  12:57p     N
10  55.4  67.4   3:15p  43.3   6:17a   9.8   0.3  0.00   1.0  12.0   2:51p    NE
11  59.4  74.9   4:14p  44.1   6:22a   7.6   2.0  0.00   1.0   8.0   4:15p   NNE
12  64.5  80.1   4:45p  48.7   6:58a   4.9   4.4  0.00   0.6   7.0   1:23p   WNW
13  66.6  80.6   3:27p  53.4   4:42a   3.2   4.9  0.00   1.1  10.0   2:09p   WSW
14  68.2  73.9  11:43a  63.8   1:06a   0.0   3.3  0.00   3.1  16.0   2:35p   WSW
15  68.2  76.9   3:11p  60.0   6:57a   0.9   4.1  0.00   1.6  12.0   1:01p   WSW
16  69.1  82.9   3:14p  58.0   6:34a   2.0   6.1  0.00   0.8   9.0   5:43p    NE
17  70.9  83.5   3:14p  59.3   7:04a   1.3   7.2  0.00   0.6   8.0   1:05p   WSW
18  71.7  82.5   2:33p  62.0   5:34a   0.5   7.2  0.00   0.7   7.0  12:34p   WSW
----------------------------------------------------------------------------------
    63.0  83.5    17    42.9     2    86.0  49.9  2.00   1.8  27.0     4     WSW

Max >=  80.0:  6
Max <=  32.0:  0
Min <=  32.0:  0
Min <=   0.0:  0
Max Rain: 0.81 on day 7
Days of Rain: 7 (>= 0.01 in)  5 (>= 0.10 in)  0 (>= 1.00 in)
Heat Base: 65.0  Cool Base: 65.0  Method: Integration